 of (-7273)/(-4) + 105/(-84).
23, 79
List the prime factors of -6 + 2 - (-1227)/12*4.
3, 5
Let q(p) = -p**3 + 21*p**2 - 25*p - 15. What are the prime factors of q(18)?
3, 13
Suppose 210*q = 205*q + 4950. List the prime factors of q.
2, 3, 5, 11
Let h = 1027 - 167. What are the prime factors of h?
2, 5, 43
Let f = -17 + 34. Let u = f - -44. What are the prime factors of u?
61
Let u = 14 - 13. Let f = 2 + 3. What are the prime factors of f/(15/78)*u?
2, 13
Let s(h) = 34*h**3 + 1. Let l be s(1). Suppose 2*r - 5*r = 2*d - 95, r + l = d. List the prime factors of d.
2, 5
Suppose -21 = 4*b + 27. Let w = -9 - b. List the prime factors of w + 10/(-4)*-6.
2, 3
Let i(n) = -n**2 - 7*n - 3. Let d be i(-3). Suppose -1110 = -d*z - z. What are the prime factors of z?
3, 37
What are the prime factors of 31246/14 + (-80)/(-560)?
2, 3, 31
Let t = 217 - -730. What are the prime factors of t?
947
List the prime factors of ((-9)/(-6))/(14/6804).
3
Suppose -3*g - 3*f + 172 = f, -3*g + 3*f = -144. Suppose -g = 3*a - 367. What are the prime factors of a?
3, 5, 7
Let i(s) = -s + 18. Suppose 70 = 2*p + 5*p. What are the prime factors of i(p)?
2
Let l(m) = -m**2 + 14*m + 17. Let i be l(15). Let s be (2 - 1)*i*1. Suppose s*x - 7 + 47 = k, 4*x = -5*k + 242. List the prime factors of k.
2, 23
Let x = -2135 + 3414. What are the prime factors of x?
1279
Suppose 3*n + 3*u + 150 = 7*u, 0 = -4*u. Let d be (-42)/2 - (-1 - 3). Let k = d - n. What are the prime factors of k?
3, 11
Let r = 2879 + -91. What are the prime factors of r?
2, 17, 41
Suppose -284 = -6*d + 10*d. Let m = d - -132. What are the prime factors of m?
61
Let a = 18 + -11. Suppose -5*w - 24 = -a*w. What are the prime factors of w?
2, 3
Suppose 0 = 6*x - 5*x + 4*z - 25, -5*z + 24 = x. Suppose -28*y + x*y = 202. What are the prime factors of y?
2, 101
Suppose -4*z + 7 = -3*z. Suppose -z*u + 3*u - 16 = 0. Let w(r) = -6*r - 3. List the prime factors of w(u).
3, 7
Suppose 0 = -3*p + 5*b + 7, 5*p - b - 7 = 3*p. Suppose -9*c + p*c = -230. List the prime factors of c.
2, 23
Suppose -6*m + 266 = -2374. What are the prime factors of m?
2, 5, 11
Suppose 5*w - 3*w = m + 29, -4*w = -5*m - 73. Let q = w + -10. Suppose -3*v = -g + 5, 0 = 4*g + q*v - 43 - 33. List the prime factors of g.
17
Let h be 2/10 + 18/(-15). Let b(o) be the third derivative of 41*o**5/60 - o**4/12 - o**3/6 + 2*o**2 - 37*o. List the prime factors of b(h).
2, 3, 7
Let n be 1 - ((1 - (3 - 2)) + -13). Suppose 271 = 15*f - n*f. What are the prime factors of f?
271
Suppose -14 = -2*d - 0*n + 4*n, 2*n - 5 = -3*d. Let r = 49 - d. What are the prime factors of r?
2, 23
Suppose -4*k = -4*n, -n - 3*k = -5*n + 5. List the prime factors of (n + 51/(-6))*(-2 + -20).
7, 11
Suppose 49*f - 18080 = 1814. List the prime factors of f.
2, 7, 29
Let p = 2956 - 2024. What are the prime factors of p?
2, 233
Let y(s) = 3 - 7 - 2*s + s. Let h be y(-6). Suppose 0*b + h*b - 51 = -q, 0 = 3*b - 3*q - 72. What are the prime factors of b?
5
Let g = 18 + -18. Suppose g = 3*q - 10*q + 2184. What are the prime factors of q?
2, 3, 13
What are the prime factors of (-7 + (-429)/(-52))/(2/1296)?
2, 3, 5
Let k = -85 - -97. Suppose -1045 = -k*i + i. List the prime factors of i.
5, 19
Let b = 1 - -6. Suppose -3*p + 4*p = 3*z + 1, 3*p - 5*z = b. Let s = 19 - p. List the prime factors of s.
3, 5
Let z be (15/1)/(1/(-11)). Let p be z/(-22)*12/10. Let w(x) = x**3 - 9*x**2 + 4*x - 10. List the prime factors of w(p).
2, 13
Let d(s) = s**3 + 9*s - 82. List the prime factors of d(6).
2, 47
Let f(i) = -130*i - 168. What are the prime factors of f(-15)?
2, 3, 11
Let p(b) = -81*b - 84. List the prime factors of p(-9).
3, 5, 43
Let b(c) = c + 5. Let l be b(-7). Let f(v) = 0*v + v + v - 1 + 4*v**2 + 0*v**2. What are the prime factors of f(l)?
11
Suppose 2*g + 21 = -41. Let d = g - -57. What are the prime factors of d?
2, 13
Suppose -2*k = 13*k - 7650. List the prime factors of k.
2, 3, 5, 17
List the prime factors of (-1 + 3 - 3) + 75.
2, 37
Let m(f) = f**2 + 3*f - 7. Let d be m(-5). Let n(s) = s**3 - 4*s**2 + 7*s - 1. Let v be n(d). Suppose 16*l - 80 = v*l. What are the prime factors of l?
2
Suppose 0*t = t - 1, 4*t = -2*f + 38. Suppose -5*k + 12 = -4*j, 4*j + 5*k - 11 = f. Suppose 0 = j*r - 9 - 9. List the prime factors of r.
3
Suppose -5*v = -2*f + 19, -3*v + 2 = -2*f + 23. Suppose 3*x + 4*r = 5*r + f, -4*x + 16 = -5*r. Suppose x*g - 64 = 64. List the prime factors of g.
2
Suppose 3*x = -q + 52, x - 4*q - 56 = -17. Suppose -2*z + 7*z + 60 = 0. Let b = z + x. What are the prime factors of b?
7
Let g = 961 + -599. List the prime factors of g.
2, 181
Let g = 16 + -14. Suppose g*t = -4*d, 2*d + d = -3*t. Suppose 7*l - 2*l - 10 = d. List the prime factors of l.
2
Let w be (-2)/12*3*-554. Let a = 413 - w. Suppose 7*j - 179 = a. List the prime factors of j.
3, 5
Suppose -26 = -3*g - 8. Suppose -g = 4*m - 26. Let r(j) = 3*j**2 - 8*j. What are the prime factors of r(m)?
5, 7
Suppose -7*c + 3621 = -26. Suppose -7*b - 45 = -c. What are the prime factors of b?
2, 17
Suppose -5*z = 2*s - 24, -3*z + 0*s + 18 = 3*s. Suppose -p = 2*l - 107, -290 = -5*l + z*p - 2*p. What are the prime factors of l?
2, 7
Suppose 4*v + 2*g - 158 = 0, -5*g - 188 = -5*v - 13. Let t = v + -7. List the prime factors of t.
31
Suppose -60 = -2*c + 3*y, -3*c + 80 = c + 4*y. List the prime factors of (5/(10/c))/((-3)/(-2)).
2
Suppose -5*o - 5 = 3*w, 2*w - 2*o + 3*o + 1 = 0. Suppose w = 4*s - 5*s + 40. What are the prime factors of s?
2, 5
What are the prime factors of (-244)/(-2)*(-5 + 4)/(-1)?
2, 61
Let r(z) = 5*z + 19. Let j(m) = m**3 - 2*m**2 - 6*m. Let u be j(4). List the prime factors of r(u).
59
Let r(v) = 357*v - 252. What are the prime factors of r(5)?
3, 7, 73
Let k = 314 + -88. Suppose 28*x + 54 = 37*x. Suppose 52 - k = -x*a. What are the prime factors of a?
29
Let t(g) = -g + 2. Let r be t(0). Suppose -r*u = 1 - 7. Suppose d - 10 = 2*z, u*z = -2*d + 54 + 1. List the prime factors of d.
2, 5
Suppose -2*a + 3*f = 7*f - 20, -10 = -4*a - 2*f. Let s be 62 + -4 + a/2. Suppose 2*k + y = s, 0 = -y - 0*y. List the prime factors of k.
29
Let b(g) = 7*g**2. Let z be b(-1). Let a = 13 + z. List the prime factors of a.
2, 5
Let k(s) = -s**2 + 17*s + 27. List the prime factors of k(10).
97
Suppose f = -5*f + 90. Let l = f - -23. List the prime factors of l.
2, 19
Let p(v) = -v**3 + 15*v**2 - 14*v + 2. Let b be p(14). Suppose -68 = -b*g - 4*i, 170 = 5*g + 3*i - 4*i. What are the prime factors of g?
2, 17
Suppose -27*c = -15*c - 4080. What are the prime factors of c?
2, 5, 17
Let a(i) = i**2 + 20*i - 90. What are the prime factors of a(17)?
7, 11
Let s(o) = o**2 + 9*o - 7. Let p be s(-9). Let w(i) = -22*i + 4. What are the prime factors of w(p)?
2, 79
List the prime factors of 1/(2/8*40/4370).
19, 23
Let n be (-17)/((4/(-48))/1). Suppose 4*d - n = -0*d. What are the prime factors of d?
3, 17
Let k = -1065 + 478. Let b = -293 - k. List the prime factors of b.
2, 3, 7
Suppose -19 + 13 = -2*l. Suppose l*d = -d + 200. What are the prime factors of d?
2, 5
Suppose 4929 = 5*m - 3*c, 3*m + 774 = 5*c + 3725. What are the prime factors of m?
3, 7, 47
Let l(w) = -w**3 - 6*w**2 - 8*w - 19. What are the prime factors of l(-6)?
29
Let o(x) = x**3 - x**2 - 11*x + 30. What are the prime factors of o(9)?
3, 193
Suppose 0 = 4*r + 3*w - 9902, -8*w = -5*r + 5174 + 7180. List the prime factors of r.
2, 1237
Let l(o) = -o + 9. Let g be l(9). Suppose 7*y - 4*y = g, 0 = -v - 4*y - 2. List the prime factors of ((-63)/18)/(1/v).
7
Let c(m) = 6*m**2 + 2*m - 1. Let f be c(3). Let p = -1315 - -1297. Let o = p + f. List the prime factors of o.
41
Let d be (2/(-4))/(9/(-54)). Suppose 7 = d*q + 1. Suppose q*i = i + 22. List the prime factors of i.
2, 11
Let c(o) = -o - 4*o**2 + 1 + 2*o + 5*o**3 + 3 - 2*o**2. Let j be c(4). Suppose 4*u - 3*z = -7 + 171, 5*u + 3*z - j = 0. List the prime factors of u.
2, 11
Let r(w) = -5*w + 15. Let f be r(6). Let t(c) = -c**3 - 13*c**2 + 21*c - 9. Let d be t(f). Let n = -87 + d. What are the prime factors of n?
3, 13
Suppose -16*t - 55*t = -44233. What are the prime factors of t?
7, 89
Let d be (-45)/(-12) - 12/16. Suppose 13 = d*t - 11. List the prime factors of 0 + t/(-6)*-12.
2
Let g = -478 - -923. List the prime factors of g.
5, 89
Suppose 7*